composite?
True
Is 81253730431 prime?
False
Is 1950733013 prime?
False
Is 5103830159 prime?
True
Is 516982961 composite?
True
Is 343912927 a composite number?
False
Is 1254805967 prime?
True
Is 2042378111 a prime number?
True
Is 101296187547 composite?
True
Is 6036191243 prime?
False
Is 18420080807 a composite number?
True
Is 3551311201 a prime number?
True
Is 42887891747 composite?
False
Is 2912551555 a composite number?
True
Is 14087899851 a composite number?
True
Is 2714908237 a prime number?
True
Is 184641212599 prime?
True
Is 4047875989 a composite number?
False
Is 82288159973 a composite number?
False
Is 41988390879 composite?
True
Is 182801045911 composite?
True
Is 14559004667 prime?
False
Is 3499002281 prime?
True
Is 4024327067 prime?
True
Is 1571541317 composite?
False
Is 17182559 a prime number?
True
Is 6209484053 prime?
True
Is 8552701753 a prime number?
True
Is 9134403877 prime?
True
Is 1637330245 a composite number?
True
Is 887285213 composite?
False
Is 20629602907 a composite number?
True
Is 1212349711 a prime number?
False
Is 13765459621 a prime number?
False
Is 24276678989 a composite number?
False
Is 7943534413 a composite number?
False
Is 9277182721 a prime number?
False
Is 51847588999 a prime number?
False
Is 427008661 a prime number?
True
Is 13888993323 a prime number?
False
Is 4364953165 a composite number?
True
Is 3657734813 a composite number?
True
Is 31107701 prime?
True
Is 58329907 composite?
True
Is 20863764589 a composite number?
True
Is 3771859123 prime?
True
Is 481429541 prime?
True
Is 2792655373 a prime number?
True
Is 8443587563 prime?
True
Is 814539805 a composite number?
True
Is 963864901 a prime number?
True
Is 8130476087 prime?
True
Is 6737843939 prime?
True
Is 377005994 prime?
False
Is 314368013 composite?
False
Is 4002490897 a composite number?
True
Is 13532618093 composite?
False
Is 6819650873 composite?
True
Is 269747056591 a composite number?
False
Is 17042365 a composite number?
True
Is 288991511 composite?
True
Is 17601023437 prime?
True
Is 1496480683 a prime number?
False
Is 1633327487 a prime number?
False
Is 108622185311 composite?
False
Is 80707525319 a prime number?
True
Is 11277194411 composite?
True
Is 472022099 a composite number?
False
Is 40838984993 prime?
True
Is 214367393 a composite number?
True
Is 1806957469 prime?
True
Is 4528321541 a composite number?
False
Is 19542695791 a prime number?
True
Is 1082619429 prime?
False
Is 402508063 a composite number?
True
Is 21559554481 a prime number?
False
Is 800024443 a composite number?
False
Is 861411623 a prime number?
False
Is 754175339 a prime number?
True
Is 128866897 a prime number?
False
Is 29624985959 prime?
True
Is 22318957 prime?
True
Is 954001669 composite?
False
Is 11087098111 a prime number?
False
Is 21180288749 a prime number?
False
Is 334381237 prime?
True
Is 85988476891 a prime number?
True
Is 1122139201 a prime number?
False
Is 187614829 a composite number?
False
Is 3940883113 prime?
True
Is 20189774947 prime?
False
Is 34870913473 prime?
False
Is 269634293 a prime number?
False
Is 3510042979 a prime number?
True
Is 353527907 composite?
False
Is 122069102263 composite?
False
Is 2014921319 composite?
True
Is 4823227393 composite?
False
Is 1504258853 prime?
False
Is 238153126451 a composite number?
False
Is 572927989 composite?
False
Is 463669093 a composite number?
False
Is 687639943 composite?
True
Is 382152891 a composite number?
True
Is 2025801761 prime?
True
Is 1295068703 prime?
False
Is 54960949 prime?
False
Is 827322751 composite?
False
Is 80163105677 a prime number?
True
Is 74736891101 composite?
False
Is 31262479867 composite?
False
Is 1142831861 prime?
False
Is 56114533457 a composite number?
False
Is 411864853 a composite number?
True
Is 6010640591 prime?
True
Is 279591479 composite?
True
Is 2425259717 prime?
True
Is 360511787 a prime number?
True
Is 1942330823 a composite number?
True
Is 43969638203 prime?
False
Is 259549867 prime?
False
Is 570531299 composite?
True
Is 1010924087 a prime number?
True
Is 112667969129 prime?
False
Is 34581138929 composite?
False
Is 1503399389 a composite number?
True
Is 339299509 a composite number?
True
Is 3460948877 a prime number?
False
Is 436720564147 a composite number?
True
Is 27449702479 a composite number?
False
Is 138659882263 a composite number?
True
Is 68362909079 a prime number?
False
Is 158953211 a composite number?
False
Is 43365715037 a composite number?
False
Is 32184402911 a prime number?
True
Is 48858853079 a composite number?
True
Is 12422766899 a composite number?
True
Is 165761413 a composite number?
False
Is 1072772819 composite?
False
Is 27460583903 prime?
True
Is 2894629541 a prime number?
True
Is 42645588397 a composite number?
True
Is 6852175343 composite?
True
Is 844359539 prime?
True
Is 8983669557 prime?
False
Is 1668558847 composite?
False
Is 11575456741 prime?
True
Is 732388589 a prime number?
True
Is 396544139 prime?
True
Is 575871019 prime?
False
Is 3260015963 a composite number?
False
Is 1199233493 a composite number?
True
Is 2292879377 composite?
True
Is 981955813 composite?
True
Is 404589803 composite?
True
Is 3687141098 composite?
True
Is 20040541557 prime?
False
Is 1946091799 prime?
False
Is 147043291 composite?
True
Is 44672449 a prime number?
True
Is 3126787429 a prime number?
True
Is 38417808227 prime?
False
Is 3741997271 a prime number?
False
Is 2797982501 a composite number?
False
Is 144725575867 composite?
True
Is 254190429307 composite?
True
Is 5830409399 a prime number?
False
Is 1694405191 a prime number?
True
Is 179980481 a composite number?
False
Is 5125654 a prime number?
False
Is 115888411 prime?
True
Is 82457505631 prime?
True
Is 1544665741 a composite number?
True
Is 41514774583 a prime number?
False
Is 141100391173 composite?
True
Is 2389866733 composite?
False
Is 25221751159 a composite number?
True
Is 52361619383 a composite number?
True
Is 35543444369 a composite number?
True
Is 10730622449 prime?
False
Is 97377229 composite?
True
Is 500363047 a composite number?
True
Is 2171059667 a prime number?
False
Is 8542733569 a composite number?
False
Is 1119942589 a prime number?
True
Is 570911167 composite?
False
Is 203457574153 a composite number?
False
Is 6769371769 a prime number?
False
Is 51383891809 a prime number?
False
Is 8247473693 a prime number?
False
Is 6727139555 a prime number?
False
Is 60013004783 a prime number?
True
Is 3784678099 composite?
False
Is 1501394381 composite?
True
Is 11376508487 composite?
False
Is 61790152481 composite?
False
Is 4294373917 prime?
False
Is 242223617 a prime number?
True
Is 18445487 composite?
False
Is 34272478621 composite?
False
Is 5773403962 a prime number?
False
Is 61464269 a prime number?
True
Is 76102311079 a composite number?
True
Is 6350177593 composite?
False
Is 1012584659 a prime number?
True
Is 34893026059 prime?
True
Is 617349043 a prime number?
True
Is 5070971077 composite?
True
Is 4884915655 prime?
False
Is 3156560423 a composite number?
False
Is 183765341 a prime number?
False
Is 752676599 composite?
True
Is 13765148249 a composite number?
True
Is 12156350483 a prime number?
True
Is 1243710331 prime?
False
Is 26348206561 a prime number?
False
Is 12695727229 a composite number?
True
Is 2068734323 a prime number?
True
Is 17283081779 prime?
True
Is 3186138146 a prime number?
False
Is 57245143961 a prime number?
False
Is 47784382447 composite?
False
Is 22166912177 prime?
False
Is 2591695607 a composite number?
False
Is 7430155951 a composite number?
False
Is 42016969961 a composite number?
False
Is 20664911303 a prime number?
True
Is 11028063679 a prime number?
True
Is 1385903737 a prime number?
True
Is 30111353 composite?
False
Is 31212211 prime?
False
Is 4119027301 composite?
True
Is 1645826573 a composite number?
True
Is 1069529369 a prime number?
True
Is 4594331741 a prime number?
True
Is 108594539393 a prime number?
True
Is 28550279 prime?
False
Is 1270258147 a composite number?
True
Is 20757117469 composite?
True
Is 4240678349 composite?
False
Is 8691773683 composite?
True
Is 20650751678 composite?
True
Is 119470879949 prime?
True
Is 54382361493 a composite number?
True
Is 888056861 a composite number?
False
Is 1498728667 composite?
True
Is 40870373 a prime number?
True
Is 307960